{"id":1492,"date":"2016-11-06T20:32:36","date_gmt":"2016-11-06T20:32:36","guid":{"rendered":"http:\/\/192.168.2.249\/t\/chovi2\/?page_id=1492"},"modified":"2025-12-09T02:08:51","modified_gmt":"2025-12-09T02:08:51","slug":"galeria-fotografica","status":"publish","type":"page","link":"https:\/\/escuelachovisanjuan.cl\/web\/index.php\/galeria-fotografica\/","title":{"rendered":"Galer\u00eda fotogr\u00e1fica"},"content":{"rendered":"<p>\r\n\r\n\r\n\r\n<\/p>\r\n<p><a href=\"https:\/\/escuelachovisanjuan.cl\/web\/index.php\/2025\/12\/09\/premian-a-estudiantes-destacados-2\/\">Premiaci\u00f3n Anual Estudiantes Destacados<\/a><\/p>\r\n<p><a href=\"https:\/\/escuelachovisanjuan.cl\/web\/index.php\/2025\/12\/09\/defienden-sus-ideas-en-debate-escolar\/\">Debate Escolar 2025<\/a><\/p>\r\n<p><a href=\"https:\/\/escuelachovisanjuan.cl\/web\/index.php\/2025\/12\/01\/ceremonias-aprendi-a-leer-y-mi-primer-pc\/\">Ceremonias \u00abAprend\u00ed a leer\u00bb y \u00abMi primer PC\u00bb<\/a><\/p>\r\n<p><a href=\"https:\/\/escuelachovisanjuan.cl\/web\/index.php\/2025\/11\/24\/estudiantes-debaten-temas-de-contingencia-nacional\/\">Debates Escolares por curso\u00a0<\/a><\/p>\r\n<p><a href=\"https:\/\/escuelachovisanjuan.cl\/web\/index.php\/2025\/11\/03\/entretenida-fiesta-de-halloween-chovi\/\">Fiesta de disfraces \u00abHalloween Chovi\u00bb<\/a><\/p>\r\n<p><a href=\"https:\/\/escuelachovisanjuan.cl\/web\/index.php\/2025\/11\/03\/exitosa-feria-conectando-capacidades\/\">Primera Feria Inclusiva \u00abConectando Capacidades\u00bb<\/a><\/p>\r\n<p><a href=\"https:\/\/escuelachovisanjuan.cl\/web\/index.php\/2025\/11\/03\/culmina-proyecto-patrimonio-vico-y-cultural\/\">Cierre proyecto \u00abPatrimonio Vivo y Cultural\u00bb<\/a><\/p>\r\n<p><a href=\"https:\/\/escuelachovisanjuan.cl\/web\/index.php\/2025\/10\/20\/celebracion-dia-del-profesor-y-asistente\/\">Celebraci\u00f3n D\u00eda del Profesor y Asistente de la Educaci\u00f3n<\/a><\/p>\r\n<p><a href=\"https:\/\/escuelachovisanjuan.cl\/web\/index.php\/2025\/09\/22\/participamos-en-desfile-escolar\/\">Desfile Escolar &#8211;\u00a0 Fiestas Patrias<\/a><\/p>\r\n<p><a href=\"https:\/\/escuelachovisanjuan.cl\/web\/index.php\/2025\/09\/22\/impecable-gala-folclorica-2025\/\">Gala Folcl\u00f3rica 2025<\/a><\/p>\r\n<p><a href=\"https:\/\/escuelachovisanjuan.cl\/web\/index.php\/2025\/09\/08\/un-viaje-por-la-historia\/\">Expo Cultural 2025 (D\u00eda del Patrimonio)<\/a><\/p>\r\n<p><a href=\"https:\/\/escuelachovisanjuan.cl\/web\/index.php\/2025\/08\/18\/celebracion-dia-de-la-ninez\/\">D\u00eda de la Ni\u00f1ez 2025<\/a><\/p>\r\n<p><a href=\"https:\/\/escuelachovisanjuan.cl\/web\/index.php\/2025\/05\/12\/celebracion-y-alegria-en-dia-del-estudiante\/\">Celebraci\u00f3n D\u00eda del Estudiante\u00a0<\/a><\/p>\r\n<p><a href=\"https:\/\/escuelachovisanjuan.cl\/web\/index.php\/2025\/05\/12\/comprometidos-con-el-buen-trato\/\">D\u00eda de la Convivencia Escolar<\/a><\/p>\r\n<p><a href=\"https:\/\/escuelachovisanjuan.cl\/web\/index.php\/2025\/04\/07\/travesia-cultural-a-tantauco\/\">Traves\u00eda Cultural a Tantauco<\/a><\/p>\r\n<p><a href=\"https:\/\/escuelachovisanjuan.cl\/web\/index.php\/2025\/04\/07\/estimulando-la-inclusion-desde-el-corazon\/\">Proyecto \u00abEstimulando la Inclusi\u00f3n con el coraz\u00f3n\u00bb<\/a><\/p>\r\n<p><a href=\"https:\/\/escuelachovisanjuan.cl\/web\/index.php\/2025\/04\/28\/maravillosa-celebracion-del-dia-del-libro\/\">D\u00eda del Libro y la Lectura 2025<\/a><\/p>\r\n<p><a href=\"https:\/\/escuelachovisanjuan.cl\/web\/index.php\/2025\/03\/31\/celebramos-nuestros-24-anos\/\">Aniversario Colegio 2025<\/a><\/p>\r\n<p><a href=\"https:\/\/escuelachovisanjuan.cl\/web\/index.php\/2025\/03\/31\/corrida-familiar-2025\/\">CORRIDA FAMILIAR 2025<\/a><\/p>\r\n<p><a href=\"https:\/\/escuelachovisanjuan.cl\/web\/index.php\/2024\/12\/17\/hasta-siempre-8-basico\/\">Ceremonia Licenciatura 2024<\/a><\/p>\r\n<p><a href=\"https:\/\/escuelachovisanjuan.cl\/web\/index.php\/2024\/12\/17\/espectacular-gala-artistica\/\">GALA ART\u00cdSTICA \u00abDanzas del mundo\u00bb<\/a><\/p>\r\n<p><a href=\"https:\/\/escuelachovisanjuan.cl\/web\/index.php\/2024\/11\/25\/yo-aprendi-a-leer-4\/\">\u00abYo aprend\u00ed a leer\u00bb 2024<\/a><\/p>\r\n<p><a href=\"https:\/\/escuelachovisanjuan.cl\/web\/index.php\/2024\/11\/04\/disfraces-y-diversion-en-halloween-chovi-2\/\">Halloween Chovi<\/a><\/p>\r\n<p><a href=\"https:\/\/escuelachovisanjuan.cl\/web\/index.php\/2024\/11\/04\/inolvidable-celebracion-dia-del-profesor-y-dia-del-asistente\/\">D\u00cdA DEL PROFESOR Y ASISTENTE 2024<\/a><\/p>\r\n<p><a href=\"https:\/\/escuelachovisanjuan.cl\/web\/index.php\/2024\/10\/08\/capacitacion-para-funcionarios\/\">Capacitaci\u00f3n a funcionarios<\/a><\/p>\r\n<p><a href=\"https:\/\/escuelachovisanjuan.cl\/web\/index.php\/2024\/09\/23\/maravillosa-gala-de-fiestas-patrias-2024\/\">Gala Fiestas Patrias 2024<\/a><\/p>\r\n<p><a href=\"https:\/\/escuelachovisanjuan.cl\/web\/index.php\/2024\/09\/23\/impecable-presentacion-en-desfile-escolar-2\/\">DESFILE ESCOLAR 2024<\/a><\/p>\r\n<p><a href=\"https:\/\/escuelachovisanjuan.cl\/web\/index.php\/2024\/08\/04\/tradicional-minga-de-hermoseamiento\/\">Minga Hermoseamiento Brigada Ecol\u00f3gica<\/a><\/p>\r\n<p><a href=\"https:\/\/escuelachovisanjuan.cl\/web\/index.php\/2024\/08\/12\/ninos-propietarios-de-sus-computadores\/\">YO ELIJO MI PC 2024<\/a><\/p>\r\n<p><a href=\"https:\/\/escuelachovisanjuan.cl\/web\/index.php\/2024\/08\/20\/visita-universidad-de-los-lagos\/\">Visita a la Universidad de Los Lagos<\/a><\/p>\r\n<p><a href=\"https:\/\/escuelachovisanjuan.cl\/web\/index.php\/2024\/06\/17\/exitosa-clinica-de-basquetbol\/\">Cl\u00ednica de B\u00e1squetbol<\/a><\/p>\r\n<p><a href=\"https:\/\/escuelachovisanjuan.cl\/web\/index.php\/2024\/05\/06\/companerismo-y-alegria-en-el-dia-de-la-convivencia\/\">D\u00cdA DE LA CONVIVENCIA ESCOLAR<\/a><\/p>\r\n<p><a href=\"https:\/\/escuelachovisanjuan.cl\/web\/index.php\/2024\/05\/14\/entretenido-dia-del-alumno\/\">Celebraci\u00f3n D\u00eda del Alumno 2024<\/a><\/p>\r\n<p><a href=\"https:\/\/escuelachovisanjuan.cl\/web\/index.php\/2024\/05\/27\/capacitacion-en-convivencia-escolar\/\">Capacitaci\u00f3n para funcionarios en Convivencia Escolar<\/a><\/p>\r\n<p><a href=\"https:\/\/escuelachovisanjuan.cl\/web\/index.php\/2024\/04\/29\/personajes-de-cuentos-en-dia-del-libro\/\">D\u00eda del Libro y la Lectura 2024<\/a><\/p>\r\n<p><a href=\"https:\/\/escuelachovisanjuan.cl\/web\/index.php\/2024\/04\/08\/mas-deporte-para-nuestros-ninos-y-ninas\/\">Proyecto \u00abM\u00e1s deporte para nuestros ni\u00f1os y ni\u00f1as\u00bb<\/a><\/p>\r\n<p><a href=\"https:\/\/escuelachovisanjuan.cl\/web\/index.php\/2023\/12\/11\/hasta-siempre-queridos-estudiantes\/\">Ceremonia Licenciatura 8\u00b0 b\u00e1sico<\/a><\/p>\r\n<p><a href=\"https:\/\/escuelachovisanjuan.cl\/web\/index.php\/2023\/12\/07\/felicidades-nuevos-lectores-2\/\">\u00abYo aprend\u00ed a leer\u00bb 2023<\/a><\/p>\r\n<p><a href=\"https:\/\/escuelachovisanjuan.cl\/web\/index.php\/2023\/12\/04\/debate-escolar-2023\/\">DEBATE ESCOLAR<\/a><\/p>\r\n<p><a href=\"https:\/\/escuelachovisanjuan.cl\/web\/index.php\/2023\/12\/04\/minga-hermoseamiento\/\">Minga Hermoseamiento (Brigada Ecol\u00f3gica)<\/a><\/p>\r\n<p><a href=\"https:\/\/escuelachovisanjuan.cl\/web\/index.php\/2023\/11\/06\/disfraces-y-diversion-en-halloween-chovi\/\">Halloween Chovi 2023<\/a><\/p>\r\n<p><a href=\"https:\/\/escuelachovisanjuan.cl\/web\/index.php\/2023\/09\/#\">D\u00eda de la Chilenidad 2023<\/a><\/p>\r\n<p><a href=\"https:\/\/escuelachovisanjuan.cl\/web\/index.php\/2023\/04\/10\/exitosa-corrida-familiar\/\">CORRIDA FAMILIAR<\/a><\/p>\r\n<p><a href=\"https:\/\/escuelachovisanjuan.cl\/web\/index.php\/2023\/06\/26\/mi-primer-pc-2023\/\">Ceremonia MI Primer PC 2023<\/a><\/p>\r\n<p><a href=\"https:\/\/escuelachovisanjuan.cl\/web\/index.php\/2023\/05\/08\/celebramos-la-convivencia-escolar\/\">D\u00eda de la Convivencia Escolar 2023<\/a><\/p>\r\n<p><a href=\"https:\/\/escuelachovisanjuan.cl\/web\/index.php\/2022\/12\/\">Licenciatura 8\u00b0 b\u00e1sico 2022<\/a><\/p>\r\n<p><a href=\"https:\/\/escuelachovisanjuan.cl\/web\/index.php\/2022\/12\/07\/premiacion-2022\/\">Premiaci\u00f3n alumnos destacados 2022<\/a><\/p>\r\n<p><a href=\"https:\/\/escuelachovisanjuan.cl\/web\/index.php\/2022\/12\/07\/tenemos-nuevos-reyes\/\">Coronaci\u00f3n reina (Aniversario 2022)<\/a><\/p>\r\n<p><a href=\"https:\/\/escuelachovisanjuan.cl\/web\/index.php\/2022\/11\/03\/halloween-chovi\/\">\u00a1Celebraci\u00f3n Halloween Chovi 2022!<\/a><\/p>\r\n<p><a href=\"https:\/\/escuelachovisanjuan.cl\/web\/index.php\/2022\/10\/20\/felicidades-profesores-y-asistentes\/\">D\u00eda del Profesor y Asistente de la Educaci\u00f3n 2022<\/a><\/p>\r\n<p><a href=\"https:\/\/escuelachovisanjuan.cl\/web\/index.php\/2022\/09\/22\/dia-de-la-chilenidad-2022\/\">Gala Fiestas Patrias 2022<\/a><\/p>\r\n<p><a href=\"http:\/\/escuelachovisanjuan.cl\/web\/index.php\/2020\/12\/30\/licenciatura-8-basico\/\">Licenciatura 8\u00b0 b\u00e1sico 2020<\/a><\/p>\r\n<p><a href=\"http:\/\/escuelachovisanjuan.cl\/web\/index.php\/2020\/12\/30\/actividad-de-cierre-de-ano\/\">Actividad Cierre A\u00f1o<\/a><\/p>\r\n<p><a href=\"http:\/\/escuelachovisanjuan.cl\/web\/index.php\/2020\/12\/15\/visita-del-viejito-pascuero\/\">Navidad 2020<\/a><\/p>\r\n<p><a href=\"http:\/\/escuelachovisanjuan.cl\/web\/index.php\/2020\/08\/25\/feliz-dia-a-nuestros-queridos-ninos-y-ninas\/\">D\u00eda del Ni\u00f1o 2020<\/a><\/p>\r\n<p><a href=\"http:\/\/escuelachovisanjuan.cl\/web\/index.php\/2020\/02\/26\/licenciatura-8-basico-2019\/\">Licenciatura 8\u00b0 b\u00e1sico 2019<\/a><\/p>\r\n<p><a href=\"http:\/\/escuelachovisanjuan.cl\/web\/index.php\/2019\/10\/23\/dia-del-profesor-y-asistente-de-la-educacion-2\/\">Celebraci\u00f3n D\u00eda del Profesor y Asistente\u00a0<\/a><\/p>\r\n<p><a href=\"http:\/\/escuelachovisanjuan.cl\/web\/index.php\/2019\/09\/23\/dia-de-la-chilenidad-2019\/\">D\u00eda de la Chilenidad 2019<\/a><\/p>\r\n<p><a href=\"http:\/\/escuelachovisanjuan.cl\/web\/index.php\/2019\/08\/19\/cumplimos-18-anos\/\">Aniversario 2019<\/a><\/p>\r\n<p><a href=\"http:\/\/escuelachovisanjuan.cl\/web\/index.php\/2019\/04\/30\/personajes-literarios-llegan-a-la-escuela\/\">D\u00eda del Libro 2019<\/a><\/p>\r\n<p><a href=\"http:\/\/escuelachovisanjuan.cl\/web\/index.php\/2019\/02\/22\/ceremonia-licenciatura-8-basico\/\">Licenciatura 8\u00b0 b\u00e1sico 2018<\/a><\/p>\r\n<p><a href=\"http:\/\/escuelachovisanjuan.cl\/web\/index.php\/2018\/12\/17\/gala-artistica-2018\/\">Gala Art\u00edstica 2018<\/a><\/p>\r\n\r\n\r\n\r\n<p><a href=\"http:\/\/escuelachovisanjuan.cl\/web\/index.php\/diaprofesor2018\/\">D\u00eda del Profesor y Asistente de la Educaci\u00f3n 2018<\/a><\/p>\r\n<p><a href=\"http:\/\/escuelachovisanjuan.cl\/web\/index.php\/corridafamiliar\/\">2\u00b0 Corrida Familiar<\/a><\/p>\r\n<p><a href=\"http:\/\/escuelachovisanjuan.cl\/web\/index.php\/fiestaspatrias2018\/\">Desfile y Fiestas Patrias 2018<\/a><\/p>\r\n<p><a href=\"http:\/\/escuelachovisanjuan.cl\/web\/index.php\/diaconvivenciaescolar\/\">D\u00eda de la Convivencia Escolar\u00a02018<\/a><\/p>\r\n<p><a href=\"http:\/\/escuelachovisanjuan.cl\/web\/index.php\/licenciatura2017\/\">Licenciatura 8\u00b0 b\u00e1sico 2017<\/a><\/p>\r\n<p><a href=\"http:\/\/escuelachovisanjuan.cl\/web\/index.php\/galaartistica\/\">Gala Art\u00edstica 2017<\/a><\/p>\r\n<p><a href=\"http:\/\/escuelachovisanjuan.cl\/web\/index.php\/yoseleer2017\/\">Yo aprend\u00ed a leer 2017<\/a><\/p>\r\n<p><a href=\"http:\/\/escuelachovisanjuan.cl\/web\/index.php\/aniversarioescuela2017\/\">Aniversario Escuela 2017<\/a><\/p>\r\n<p><a href=\"http:\/\/escuelachovisanjuan.cl\/web\/index.php\/dia-del-nino\/\">D\u00eda del ni\u00f1o<\/a><\/p>\r\n<p><a href=\"http:\/\/escuelachovisanjuan.cl\/web\/index.php\/yo-elijo-mi-pc\/\">Yo elijo mi PC<\/a><\/p>\r\n<p><a href=\"http:\/\/escuelachovisanjuan.cl\/web\/index.php\/dia-de-la-chilenidad\/\">D\u00eda de la Chilenidad<\/a><\/p>\r\n<p><a href=\"http:\/\/escuelachovisanjuan.cl\/web\/index.php\/gala-artistica-2015\/\">Gala art\u00edstica 2015<\/a><\/p>\r\n<p><a href=\"http:\/\/escuelachovisanjuan.cl\/web\/index.php\/proyecto-leer-esta-de-moda\/\">Proyecto Leer esta de moda<\/a><\/p>\r\n<p><a href=\"http:\/\/escuelachovisanjuan.cl\/web\/index.php\/dia-del-profesor\/\">D\u00eda del Profesor<\/a><\/p>\r\n<p><a href=\"http:\/\/escuelachovisanjuan.cl\/web\/index.php\/celebracion-we-tripantu\/\">Celebraci\u00f3n We Tripantu<\/a><\/p>\r\n<p><a href=\"http:\/\/escuelachovisanjuan.cl\/web\/index.php\/concierto-radio-chiloe\/\">Concierto Radio Chilo\u00e9<\/a><\/p>\r\n<p><a href=\"http:\/\/escuelachovisanjuan.cl\/web\/index.php\/dia-de-actividad-fisica\/\">D\u00eda de Actividad f\u00edsica<\/a><\/p>\r\n<p><a href=\"http:\/\/escuelachovisanjuan.cl\/web\/index.php\/planetario-astro-observacion\/\">Planetario Astro observaci\u00f3n<\/a><\/p>\r\n<p><a href=\"http:\/\/escuelachovisanjuan.cl\/web\/index.php\/visita-museo-arte-moderno-y-enjoy-chiloe\/\">Visita Museo Arte Moderno y Enjoy Chilo\u00e9<\/a><\/p>","protected":false},"excerpt":{"rendered":"<p>Premiaci\u00f3n Anual Estudiantes Destacados Debate Escolar 2025 Ceremonias \u00abAprend\u00ed a leer\u00bb y \u00abMi primer PC\u00bb Debates Escolares por curso\u00a0 Fiesta de disfraces \u00abHalloween Chovi\u00bb Primera Feria Inclusiva \u00abConectando Capacidades\u00bb Cierre proyecto \u00abPatrimonio Vivo y Cultural\u00bb Celebraci\u00f3n D\u00eda del Profesor y Asistente de la Educaci\u00f3n Desfile Escolar &#8211;\u00a0 Fiestas Patrias Gala&#8230;<\/p>\n","protected":false},"author":1,"featured_media":0,"parent":0,"menu_order":0,"comment_status":"closed","ping_status":"closed","template":"templates\/full-width-page.php","meta":{"footnotes":""},"class_list":["post-1492","page","type-page","status-publish","hentry"],"_links":{"self":[{"href":"https:\/\/escuelachovisanjuan.cl\/web\/index.php\/wp-json\/wp\/v2\/pages\/1492","targetHints":{"allow":["GET"]}}],"collection":[{"href":"https:\/\/escuelachovisanjuan.cl\/web\/index.php\/wp-json\/wp\/v2\/pages"}],"about":[{"href":"https:\/\/escuelachovisanjuan.cl\/web\/index.php\/wp-json\/wp\/v2\/types\/page"}],"author":[{"embeddable":true,"href":"https:\/\/escuelachovisanjuan.cl\/web\/index.php\/wp-json\/wp\/v2\/users\/1"}],"replies":[{"embeddable":true,"href":"https:\/\/escuelachovisanjuan.cl\/web\/index.php\/wp-json\/wp\/v2\/comments?post=1492"}],"version-history":[{"count":93,"href":"https:\/\/escuelachovisanjuan.cl\/web\/index.php\/wp-json\/wp\/v2\/pages\/1492\/revisions"}],"predecessor-version":[{"id":8880,"href":"https:\/\/escuelachovisanjuan.cl\/web\/index.php\/wp-json\/wp\/v2\/pages\/1492\/revisions\/8880"}],"wp:attachment":[{"href":"https:\/\/escuelachovisanjuan.cl\/web\/index.php\/wp-json\/wp\/v2\/media?parent=1492"}],"curies":[{"name":"wp","href":"https:\/\/api.w.org\/{rel}","templated":true}]}}